{"id":62,"date":"2019-10-27T19:24:28","date_gmt":"2019-10-27T19:24:28","guid":{"rendered":"https:\/\/www.odontologia.uady.mx\/museo\/destinations\/"},"modified":"2022-12-11T23:39:55","modified_gmt":"2022-12-11T23:39:55","slug":"acerca-del-museo","status":"publish","type":"page","link":"https:\/\/www.odontologia.uady.mx\/museo\/acerca-del-museo\/","title":{"rendered":"ACERCA DEL MUSEO"},"content":{"rendered":"\t\t<div data-elementor-type=\"wp-page\" data-elementor-id=\"62\" class=\"elementor elementor-62\">\n\t\t\t\t\t\t\t<div class=\"elementor-element elementor-element-9a1c703 e-con-full e-con\" data-id=\"9a1c703\" data-element_type=\"container\" data-settings=\"{&quot;content_width&quot;:&quot;full&quot;}\">\n\t\t<div class=\"elementor-element elementor-element-51a6c35 e-con-full e-con\" data-id=\"51a6c35\" data-element_type=\"container\" data-settings=\"{&quot;content_width&quot;:&quot;full&quot;}\">\n\t\t\t\t<div class=\"elementor-element elementor-element-f9ddd26 aux-appear-watch-animation aux-fade-in-up-1 elementor-widget elementor-widget-aux_modern_heading\" data-id=\"f9ddd26\" data-element_type=\"widget\" data-widget_type=\"aux_modern_heading.default\">\n\t\t\t\t<div class=\"elementor-widget-container\">\n\t\t\t<section class=\"aux-widget-modern-heading\">\n            <div class=\"aux-widget-inner\"><span class=\"aux-modern-heading-primary\">UADY <\/span><span class=\"aux-modern-heading-secondary\"><span class=\"aux-head-before\"> Facultad de Odontolog\u00eda<\/span><\/span><\/div>\n        <\/section>\t\t<\/div>\n\t\t\t\t<\/div>\n\t\t\t\t<div class=\"elementor-element elementor-element-aa727c0 elementor-widget elementor-widget-aux_modern_heading\" data-id=\"aa727c0\" data-element_type=\"widget\" data-widget_type=\"aux_modern_heading.default\">\n\t\t\t\t<div class=\"elementor-widget-container\">\n\t\t\t<section class=\"aux-widget-modern-heading\">\n            <div class=\"aux-widget-inner\"><h2 class=\"aux-modern-heading-primary\">ACERCA DEL MUSEO<\/h2><\/div>\n        <\/section>\t\t<\/div>\n\t\t\t\t<\/div>\n\t\t\t\t<\/div>\n\t\t\t\t<\/div>\n\t\t<div class=\"elementor-element elementor-element-d618a6d e-con-boxed e-con\" data-id=\"d618a6d\" data-element_type=\"container\" data-settings=\"{&quot;content_width&quot;:&quot;boxed&quot;}\">\n\t\t\t\t\t<div class=\"e-con-inner\">\n\t\t<div class=\"elementor-element elementor-element-92423ea e-con-full e-con\" data-id=\"92423ea\" data-element_type=\"container\" data-settings=\"{&quot;content_width&quot;:&quot;full&quot;}\">\n\t\t\t\t<div class=\"elementor-element elementor-element-f4a05f6 aux-appear-watch-animation aux-fade-in-up elementor-widget elementor-widget-aux_modern_heading\" data-id=\"f4a05f6\" data-element_type=\"widget\" data-widget_type=\"aux_modern_heading.default\">\n\t\t\t\t<div class=\"elementor-widget-container\">\n\t\t\t<section class=\"aux-widget-modern-heading\">\n            <div class=\"aux-widget-inner\"><h3 class=\"aux-modern-heading-primary\"><\/h3><p class=\"aux-modern-heading-secondary\"><span class=\"aux-head-before\">ORIGEN:<\/span><\/p><\/div>\n        <\/section>\t\t<\/div>\n\t\t\t\t<\/div>\n\t\t<div class=\"elementor-element elementor-element-1131b4e aux-appear-watch-animation aux-fade-in-up e-con-full e-con\" data-id=\"1131b4e\" data-element_type=\"container\" data-settings=\"{&quot;content_width&quot;:&quot;full&quot;}\">\n\t\t<div class=\"elementor-element elementor-element-ee237c1 e-con-full e-con\" data-id=\"ee237c1\" data-element_type=\"container\" data-settings=\"{&quot;background_background&quot;:&quot;classic&quot;,&quot;content_width&quot;:&quot;full&quot;}\">\n\t\t\t\t<div class=\"elementor-element elementor-element-7ac5f89 aux-appear-watch-animation aux-fade-in-up elementor-widget elementor-widget-aux_modern_heading\" data-id=\"7ac5f89\" data-element_type=\"widget\" data-widget_type=\"aux_modern_heading.default\">\n\t\t\t\t<div class=\"elementor-widget-container\">\n\t\t\t<section class=\"aux-widget-modern-heading\">\n            <div class=\"aux-widget-inner\"><h3 class=\"aux-modern-heading-primary\"><\/h3><div class=\"aux-modern-heading-description\"><p style=\"text-align: justify\">En su calidad de ser la m\u00e1s antigua escuela de odontolog\u00eda en la provincia mexicana (1923) la Universidad Aut\u00f3noma de Yucat\u00e1n (UADY) ha capacitado desde esa fecha odont\u00f3logos que han ejercido la profesi\u00f3n en todo el estado, la pen\u00ednsula y otras partes del pa\u00eds.<\/p>\n<p style=\"text-align: justify\">Es importante el rescate de la historia de la odontolog\u00eda en la regi\u00f3n dentro de un contexto m\u00e1s amplio nacional e internacional a trav\u00e9s de la informaci\u00f3n gr\u00e1fica, material y documental y de objetos que han resistido el paso de los a\u00f1os.<\/p>\n<p style=\"text-align: justify\">Por eso, la Facultad de Odontolog\u00eda de la UADY propuso crear un espacio que permita la conservaci\u00f3n y exhibici\u00f3n de \u00edtems que permitieran reconstruir el pasado de la odontolog\u00eda haciendo \u00e9nfasis en el cap\u00edtulo de la pen\u00ednsula yucateca.<\/p>\n<p style=\"text-align: justify\">Igualmente se propuso la creaci\u00f3n de un espacio virtual que permita ampliar la informaci\u00f3n sobre otros aspectos relacionados con la historia natural de los padecimientos dentales.<\/p><\/div><\/div>\n        <\/section>\t\t<\/div>\n\t\t\t\t<\/div>\n\t\t\t\t<\/div>\n\t\t<div class=\"elementor-element elementor-element-89484b0 e-con-full e-con\" data-id=\"89484b0\" data-element_type=\"container\" data-settings=\"{&quot;background_background&quot;:&quot;classic&quot;,&quot;content_width&quot;:&quot;full&quot;}\" data-e-bg-lazyload=\"\">\n\t\t\t\t<div class=\"elementor-element elementor-element-c31c784 elementor-widget elementor-widget-text-editor\" data-id=\"c31c784\" data-element_type=\"widget\" data-widget_type=\"text-editor.default\">\n\t\t\t\t<div class=\"elementor-widget-container\">\n\t\t\t<style>\/*! elementor - v3.9.0 - 06-12-2022 *\/\n.elementor-widget-text-editor.elementor-drop-cap-view-stacked .elementor-drop-cap{background-color:#818a91;color:#fff}.elementor-widget-text-editor.elementor-drop-cap-view-framed .elementor-drop-cap{color:#818a91;border:3px solid;background-color:transparent}.elementor-widget-text-editor:not(.elementor-drop-cap-view-default) .elementor-drop-cap{margin-top:8px}.elementor-widget-text-editor:not(.elementor-drop-cap-view-default) .elementor-drop-cap-letter{width:1em;height:1em}.elementor-widget-text-editor .elementor-drop-cap{float:left;text-align:center;line-height:1;font-size:50px}.elementor-widget-text-editor .elementor-drop-cap-letter{display:inline-block}<\/style>\t\t\t\t<p class=\"aux-modern-heading-primary\"><a href=\"https:\/\/www.odontologia.uady.mx\/museo\/laminadora-de-oro-para-coronas\/\">LAMINADORA DE ORO PARA CORONAS<\/a><\/p>\t\t\t\t\t\t<\/div>\n\t\t\t\t<\/div>\n\t\t\t\t<\/div>\n\t\t<div class=\"elementor-element elementor-element-df97492 e-con-full e-con\" data-id=\"df97492\" data-element_type=\"container\" data-settings=\"{&quot;background_background&quot;:&quot;classic&quot;,&quot;content_width&quot;:&quot;full&quot;}\" data-e-bg-lazyload=\"\">\n\t\t\t\t<div class=\"elementor-element elementor-element-b8a5494 elementor-widget elementor-widget-text-editor\" data-id=\"b8a5494\" data-element_type=\"widget\" data-widget_type=\"text-editor.default\">\n\t\t\t\t<div class=\"elementor-widget-container\">\n\t\t\t\t\t\t\t<p class=\"aux-modern-heading-primary\"><a href=\"https:\/\/www.odontologia.uady.mx\/museo\/mortero-y-pistilo\/\">MORTERO Y PISTILO<\/a><\/p>\t\t\t\t\t\t<\/div>\n\t\t\t\t<\/div>\n\t\t\t\t<\/div>\n\t\t\t\t<\/div>\n\t\t\t\t<div class=\"elementor-element elementor-element-7e46005 aux-appear-watch-animation aux-fade-in-up elementor-widget elementor-widget-aux_modern_heading\" data-id=\"7e46005\" data-element_type=\"widget\" data-widget_type=\"aux_modern_heading.default\">\n\t\t\t\t<div class=\"elementor-widget-container\">\n\t\t\t<section class=\"aux-widget-modern-heading\">\n            <div class=\"aux-widget-inner\"><h3 class=\"aux-modern-heading-primary\"><\/h3><p class=\"aux-modern-heading-secondary\"><span class=\"aux-head-before\">HISTORIA:<\/span><\/p><\/div>\n        <\/section>\t\t<\/div>\n\t\t\t\t<\/div>\n\t\t<div class=\"elementor-element elementor-element-cdc7481 aux-appear-watch-animation aux-fade-in-up e-con-full e-con\" data-id=\"cdc7481\" data-element_type=\"container\" data-settings=\"{&quot;content_width&quot;:&quot;full&quot;}\">\n\t\t<div class=\"elementor-element elementor-element-7ade767 e-con-full e-con\" data-id=\"7ade767\" data-element_type=\"container\" data-settings=\"{&quot;background_background&quot;:&quot;classic&quot;,&quot;content_width&quot;:&quot;full&quot;}\">\n\t\t\t\t<div class=\"elementor-element elementor-element-036ffd5 elementor-widget elementor-widget-text-editor\" data-id=\"036ffd5\" data-element_type=\"widget\" data-widget_type=\"text-editor.default\">\n\t\t\t\t<div class=\"elementor-widget-container\">\n\t\t\t\t\t\t\t<div><div style=\"text-align: justify;\">Existen el la Rep\u00fablica Mexicana muy pocos museos sobre Odontolog\u00eda, entre los cuales destaca La Sala de la Odontolog\u00eda Mexicana, de la UNAM, creada a partir de una abundante colecci\u00f3n particular del CD Samuel Fastlich.<\/div><\/div><div style=\"text-align: justify;\">\u00a0<\/div><div><div style=\"text-align: left;\">Este museo es de los primeros museos universitarios en la Ciudad de M\u00e9rida. La idea surge del Director de la Facultad, CD. Victor Alonso Sosa, a principios de ese mismo a\u00f1o, apoyada entusiastamente por el Rector de la UADY, DR. Ra\u00fal Godoy Monta\u00f1ez y se propone el desarrollo de la misma al CD Camilo de J. Otero Rej\u00f3n, profesor de la Facultad, con experiencia en el campo de los museos pues hab\u00eda sido Presidente de la agrupaci\u00f3n \u201cAmigos de los Museos del Estado de Yucat\u00e1n\u201d y autor de ensayos sobre arte, quien presenta un proyecto e inicia la colecci\u00f3n a partir de la invitaci\u00f3n a particulares, odont\u00f3logos retirados, familiares o amigos de \u00e9stos, \u00edtemes mismos que se fueron catalogando e inventariando mientras el edificio se iba adecuando para recibir el acervo.<\/div><\/div><div style=\"text-align: justify;\">\u00a0<\/div><div><div style=\"text-align: justify;\">La Facultad de Odontolog\u00eda de la Universidad Aut\u00f3noma de Yucat\u00e1n, cuenta entre sus instalaciones desde el a\u00f1o 2006 con un museo odontol\u00f3gico para la difusi\u00f3n de la cultura y de la ciencia para los estudiantes, pacientes y p\u00fablico en general. Existe inter\u00e9s por parte de las autoridades universitarias para la adecuaci\u00f3n del museo tradicional a un museo digital interactivo que permita la transmisi\u00f3n del conocimiento, la ciencia y la cultura en los ni\u00f1os, estudiantes y p\u00fablico en general mediante el uso de las nuevas de tecnolog\u00edas de informaci\u00f3n.<\/div><\/div>\t\t\t\t\t\t<\/div>\n\t\t\t\t<\/div>\n\t\t\t\t<\/div>\n\t\t<div class=\"elementor-element elementor-element-7a944d2 e-con-full e-con\" data-id=\"7a944d2\" data-element_type=\"container\" data-settings=\"{&quot;background_background&quot;:&quot;classic&quot;,&quot;content_width&quot;:&quot;full&quot;}\" data-e-bg-lazyload=\"\">\n\t\t\t\t<div class=\"elementor-element elementor-element-f4ff0c3 elementor-widget elementor-widget-text-editor\" data-id=\"f4ff0c3\" data-element_type=\"widget\" data-widget_type=\"text-editor.default\">\n\t\t\t\t<div class=\"elementor-widget-container\">\n\t\t\t\t\t\t\t<p class=\"aux-modern-heading-primary\"><a href=\"https:\/\/www.odontologia.uady.mx\/museo\/cem-fluosilicato-oxido-de-zinc-ss-white\/\">CEM FLUOSILICATO OXIDO DE ZINC SS WHITE<\/a><\/p>\t\t\t\t\t\t<\/div>\n\t\t\t\t<\/div>\n\t\t\t\t<\/div>\n\t\t\t\t<\/div>\n\t\t\t\t<div class=\"elementor-element elementor-element-eb92bfe aux-appear-watch-animation aux-fade-in-up elementor-widget elementor-widget-aux_modern_heading\" data-id=\"eb92bfe\" data-element_type=\"widget\" data-widget_type=\"aux_modern_heading.default\">\n\t\t\t\t<div class=\"elementor-widget-container\">\n\t\t\t<section class=\"aux-widget-modern-heading\">\n            <div class=\"aux-widget-inner\"><h3 class=\"aux-modern-heading-primary\"><\/h3><p class=\"aux-modern-heading-secondary\"><span class=\"aux-head-before\">Caracter\u00edsticas:<\/span><\/p><\/div>\n        <\/section>\t\t<\/div>\n\t\t\t\t<\/div>\n\t\t<div class=\"elementor-element elementor-element-8c2d217 aux-appear-watch-animation aux-fade-in-up e-con-full e-con\" data-id=\"8c2d217\" data-element_type=\"container\" data-settings=\"{&quot;content_width&quot;:&quot;full&quot;}\">\n\t\t<div class=\"elementor-element elementor-element-b23f588 e-con-full e-con\" data-id=\"b23f588\" data-element_type=\"container\" data-settings=\"{&quot;background_background&quot;:&quot;classic&quot;,&quot;content_width&quot;:&quot;full&quot;}\">\n\t\t\t\t<div class=\"elementor-element elementor-element-e2cb61b elementor-widget elementor-widget-text-editor\" data-id=\"e2cb61b\" data-element_type=\"widget\" data-widget_type=\"text-editor.default\">\n\t\t\t\t<div class=\"elementor-widget-container\">\n\t\t\t\t\t\t\t<div style=\"text-align: justify;\">A este respecto, el Museo de la Odontolog\u00eda tiene las siguientes caracter\u00edsticas, est\u00e1 dirigido al p\u00fablico en general pero principalmente al universitario y en particular al del \u00c1rea de la Salud por lo cual combinar\u00e1 informaci\u00f3n general sobre la historia y desarrollo de la profesi\u00f3n, pero de manera muy atractiva y gr\u00e1fica para que sea interesante para cualquier visitante.\u00a0<\/div>\t\t\t\t\t\t<\/div>\n\t\t\t\t<\/div>\n\t\t\t\t<div class=\"elementor-element elementor-element-9a9d609 elementor-widget elementor-widget-text-editor\" data-id=\"9a9d609\" data-element_type=\"widget\" data-widget_type=\"text-editor.default\">\n\t\t\t\t<div class=\"elementor-widget-container\">\n\t\t\t\t\t\t\t<div style=\"text-align: justify;\"><ul><li><strong>De acuerdo con el tiempo<\/strong> de exposici\u00f3n \u00e9sta ser\u00e1 de car\u00e1cter permanente, exhibida sin modificaci\u00f3n por largos per\u00edodos de tiempo, aunque existir\u00e1 un espacio para exposiciones temporales de material en pr\u00e9stamo o en reserva.<\/li><li><strong>De acuerdo con su contenido<\/strong>, la exposici\u00f3n ser\u00e1 de tipo tecnol\u00f3gico pues considera el desarrollo de instrumental, aparatos y equipo para ilustrar sus cambios a lo largo del tiempo; y de tipo hist\u00f3rico por que contendr\u00e1 material narrativo y discurso de hechos hist\u00f3ricos que explican el proceso evolutivo de la profesi\u00f3n odontol\u00f3gica.<\/li><li><strong>De acuerdo con su car\u00e1cter ser\u00e1 hist\u00f3rica<\/strong> pues exhibir\u00e1 aspectos de per\u00edodos hist\u00f3ricos determinados; y tem\u00e1tica porque se destacar\u00e1n aspectos espec\u00edficos como la Antropolog\u00eda, el arte, las culturas maya y europea en relaci\u00f3n con la Odontolog\u00eda.<\/li><\/ul><\/div>\t\t\t\t\t\t<\/div>\n\t\t\t\t<\/div>\n\t\t\t\t<\/div>\n\t\t\t\t<\/div>\n\t\t\t\t<div class=\"elementor-element elementor-element-2cc9f86 aux-appear-watch-animation aux-fade-in-up elementor-widget elementor-widget-aux_modern_heading\" data-id=\"2cc9f86\" data-element_type=\"widget\" data-widget_type=\"aux_modern_heading.default\">\n\t\t\t\t<div class=\"elementor-widget-container\">\n\t\t\t<section class=\"aux-widget-modern-heading\">\n            <div class=\"aux-widget-inner\"><h3 class=\"aux-modern-heading-primary\"><\/h3><p class=\"aux-modern-heading-secondary\"><span class=\"aux-head-before\">LA COLECCI\u00d3N:<\/span><\/p><\/div>\n        <\/section>\t\t<\/div>\n\t\t\t\t<\/div>\n\t\t<div class=\"elementor-element elementor-element-045f90b aux-appear-watch-animation aux-fade-in-up e-con-full e-con\" data-id=\"045f90b\" data-element_type=\"container\" data-settings=\"{&quot;content_width&quot;:&quot;full&quot;}\">\n\t\t<div class=\"elementor-element elementor-element-1e4a70a e-con-full e-con\" data-id=\"1e4a70a\" data-element_type=\"container\" data-settings=\"{&quot;background_background&quot;:&quot;classic&quot;,&quot;content_width&quot;:&quot;full&quot;}\">\n\t\t\t\t<div class=\"elementor-element elementor-element-eddea1e elementor-widget elementor-widget-text-editor\" data-id=\"eddea1e\" data-element_type=\"widget\" data-widget_type=\"text-editor.default\">\n\t\t\t\t<div class=\"elementor-widget-container\">\n\t\t\t\t\t\t\t<div>\n<div style=\"text-align: justify;\">Los objetos que se exhiben, todos relacionados con la pr\u00e1ctica odontol\u00f3gica se han integrado a partir de donaciones de personas con deseos de colaborar en la preservaci\u00f3n de la memoria hist\u00f3rica de la profesi\u00f3n. En ning\u00fan caso se adquirieron objetos por compra.<\/div>\n<div style=\"text-align: justify;\"><\/div>\n<div style=\"text-align: left;\">Se incluyen instrumentos, aparatos, equipos, medicamentos, fotograf\u00edas, libros e impresos que permiten visualizar la evoluci\u00f3n tecnol\u00f3gica en esta \u00e1rea del conocimiento.<\/div>\n<div style=\"text-align: justify;\"><\/div>\n<div style=\"text-align: justify;\">No todos los objetos donados se encuentran presentes en la exhibici\u00f3n pues algunos se hallan en proceso de restauraci\u00f3n y otros formar\u00e1n parte de las muestras temporales que se realizar\u00e1n peri\u00f3dicamente.<\/div>\n<div style=\"text-align: justify;\"><\/div>\n<div style=\"text-align: justify;\">Se ha procurado respetar el estado f\u00edsico en el cual han sido recibidos, solamente siendo limpiados y ajustados, \u00fanicamente los objetos en avanzado grado de deterioro por fractura, corrosi\u00f3n, etc, se han restaurado integralmente.<\/div>\n<div style=\"text-align: justify;\"><\/div>\n<div style=\"text-align: justify;\">La mayor\u00eda de los \u00edtems de la colecci\u00f3n pertenecen a la primera mitad del siglo pasado, \u00e9poca importante en la Odontolog\u00eda yucateca cuya Facultad de Odontolog\u00eda fue fundada en 1923.<\/div>\n<div style=\"text-align: left;\">El inventario se integra por m\u00e1s de trescientos materiales de variado tipo.<\/div>\n<div style=\"text-align: justify;\"><\/div>\n<\/div>\t\t\t\t\t\t<\/div>\n\t\t\t\t<\/div>\n\t\t\t\t<\/div>\n\t\t<div class=\"elementor-element elementor-element-82c78b6 e-con-full e-con\" data-id=\"82c78b6\" data-element_type=\"container\" data-settings=\"{&quot;background_background&quot;:&quot;classic&quot;,&quot;content_width&quot;:&quot;full&quot;}\" data-e-bg-lazyload=\"\">\n\t\t\t\t<div class=\"elementor-element elementor-element-e7655b5 elementor-widget elementor-widget-text-editor\" data-id=\"e7655b5\" data-element_type=\"widget\" data-widget_type=\"text-editor.default\">\n\t\t\t\t<div class=\"elementor-widget-container\">\n\t\t\t\t\t\t\t<p class=\"aux-modern-heading-primary\"><a href=\"https:\/\/www.odontologia.uady.mx\/museo\/separador-interproximal\/\">SEPARADOR INTERPROXIMAL<\/a><\/p>\t\t\t\t\t\t<\/div>\n\t\t\t\t<\/div>\n\t\t\t\t<\/div>\n\t\t\t\t<\/div>\n\t\t\t\t<\/div>\n\t\t\t\t\t<\/div>\n\t\t\t\t<\/div>\n\t\t\t\t\t\t\t<\/div>\n\t\t","protected":false},"excerpt":{"rendered":"<p>UADY Facultad de Odontolog\u00eda ACERCA DEL MUSEO ORIGEN: En su calidad de ser la m\u00e1s antigua escuela de odontolog\u00eda en la provincia mexicana (1923) la Universidad Aut\u00f3noma de Yucat\u00e1n (UADY) ha capacitado desde esa fecha odont\u00f3logos que han ejercido la profesi\u00f3n en todo el estado, la pen\u00ednsula y otras partes del pa\u00eds. Es importante el [&hellip;]<\/p>\n","protected":false},"author":2,"featured_media":0,"parent":0,"menu_order":0,"comment_status":"closed","ping_status":"closed","template":"templates\/page-builder-content.php","meta":{"footnotes":""},"class_list":["post-62","page","type-page","status-publish","hentry"],"_links":{"self":[{"href":"https:\/\/www.odontologia.uady.mx\/museo\/wp-json\/wp\/v2\/pages\/62","targetHints":{"allow":["GET"]}}],"collection":[{"href":"https:\/\/www.odontologia.uady.mx\/museo\/wp-json\/wp\/v2\/pages"}],"about":[{"href":"https:\/\/www.odontologia.uady.mx\/museo\/wp-json\/wp\/v2\/types\/page"}],"author":[{"embeddable":true,"href":"https:\/\/www.odontologia.uady.mx\/museo\/wp-json\/wp\/v2\/users\/2"}],"replies":[{"embeddable":true,"href":"https:\/\/www.odontologia.uady.mx\/museo\/wp-json\/wp\/v2\/comments?post=62"}],"version-history":[{"count":19,"href":"https:\/\/www.odontologia.uady.mx\/museo\/wp-json\/wp\/v2\/pages\/62\/revisions"}],"predecessor-version":[{"id":638,"href":"https:\/\/www.odontologia.uady.mx\/museo\/wp-json\/wp\/v2\/pages\/62\/revisions\/638"}],"wp:attachment":[{"href":"https:\/\/www.odontologia.uady.mx\/museo\/wp-json\/wp\/v2\/media?parent=62"}],"curies":[{"name":"wp","href":"https:\/\/api.w.org\/{rel}","templated":true}]}}